*t, -2*d + 3*d = 4. What is u(t)?
-11
Let x(v) = v - 1. Suppose 128 = -5*t + t + 4*h, -3*t - 3*h - 72 = 0. Let z = t - -29. Determine x(z).
0
Let m(a) = 3*a**3 - 3*a**2 - 3*a. Let w(r) = 8*r**3 - 8*r**2 - 8*r. Let x(z) = 11*m(z) - 4*w(z). Let n = 0 + 0. Calculate x(n).
0
Let y = 26 + -29. Let p(l) = -l**2 - 3*l + 1. Determine p(y).
1
Let s be (-3)/(-1)*2/2. Suppose -5*t - 2 = s. Let w(k) = -11*k - 1. Give w(t).
10
Let m(j) be the second derivative of j**6/360 - j**5/120 + j**4/24 + j**3/6 - 6*j. Let f(o) be the second derivative of m(o). What is f(2)?
3
Let z(b) be the second derivative of b + 0 + 1/3*b**3 - b**2. Suppose 3*a - 2 - 4 = 0. Calculate z(a).
2
Let w = -13 + 16. Let l(j) = -j - w + 5 - 1. Calculate l(1).
0
Let i(a) = 51*a**2 - 52*a**2 + 4 - 1 + a**3 - 4. Determine i(2).
3
Let u(f) = -f**3 - 10*f**2 + 11*f + 8. Let j be u(-11). Let k = -9 + j. Let s(c) = 4*c**3 + c**2 - 1. What is s(k)?
-4
Let c(q) be the third derivative of -1/120*q**6 + 2*q**2 + 0*q**5 - 7/6*q**3 + 0*q**4 + 0*q + 0. Suppose 0*l + 3*l + 9 = -2*d, 4*l + 12 = -5*d. Calculate c(d).
-7
Let x(i) = 3*i**3 - 2*i**2 + i. Let w(k) = -k**3 - 3*k**2 - 3*k. Let t be w(-1). Give x(t).
2
Let s(o) = -o + 3. Suppose 3*w = -4*x - x - 3, 2*w - 8 = 0. Calculate s(x).
6
Let u(c) = 2*c - 1. Let j(t) = 6*t**2 - 2*t + 6. Let x(i) = -i**2 - i - 1. Let n(q) = j(q) + 5*x(q). Let b be n(7). What is u(b)?
1
Let m(s) be the third derivative of 3*s**4/8 + 24*s**2. Give m(-1).
-9
Let x be 1/((1 - 3)/(-6)). Let t(c) = 3*c - 1. Calculate t(x).
8
Let m = 3 - -1. Let h be 8/2*(-2)/m. Let p(i) = 3*i + 3. Give p(h).
-3
Let g(j) = -2*j - 1. Let v(n) = n**3 + 4*n**2 + n. Let d be v(-4). Let h be (7/(-28))/(1/d). What is g(h)?
-3
Let w(n) = -n**3 - 6*n**2 + 7*n - 6. Suppose 0 = -v - 5, -v - 18 = -2*q + 11. Let z = -19 + q. Determine w(z).
-6
Let q(d) = 8*d + 10. Let o(c) = 9*c + 10. Suppose 6*i - 2*i = 3*b - 43, -5*b - 3 = 4*i. Let x(g) = i*q(g) + 6*o(g). Calculate x(-7).
4
Let a be (-3 - -6)/((-1)/(-3)). Let y be 3/a - 23/(-3). Suppose 12 = -5*h - y. Let w(j) = j + 1. What is w(h)?
-3
Let r(y) = y**2 + 2*y**2 - 1 - 3 - y**3. Let w = 3 - 0. Calculate r(w).
-4
Let d = -16 + 26. Suppose 0*o + d = 5*o. Let l(i) = 4 + i - 4*i + 3*i**o - 4*i**2. Give l(-3).
4
Let m(d) = -4 - 2*d + 2 - 3. Calculate m(-5).
5
Let t(h) = -1. Let b(s) = -7*s**3 + s**2 + 2*s + 7. Let a(l) = b(l) + 6*t(l). What is a(-1)?
7
Let h(s) be the first derivative of -s**6/360 - s**5/30 + s**4/8 - s**3/3 - 4. Let v(u) be the third derivative of h(u). What is v(-6)?
-9
Let f = 20 - 8. Let b(p) = 6 - 2 + 19*p + 7*p**2 - f*p + p**3. Give b(-6).
-2
Let h(y) be the third derivative of -y**4/8 + y**3/6 - 9*y**2. Let b(o) = 7*o - 7. Let l be b(-6). Let g be 161/l - 2/(-7). Give h(g).
10
Let x(b) be the first derivative of -b**2/2 + 8*b - 23. Calculate x(6).
2
Let q(s) be the third derivative of -s**9/60480 + s**8/20160 - s**7/5040 - s**6/72 - s**5/30 + 4*s**2. Let l(z) be the third derivative of q(z). Determine l(0).
-10
Let l(s) = -s - 1. Let j be l(4). Let o(u) = u**3 - 5*u**2 + 2. Let n(q) = -q**3 + q. Let y(a) = 2*n(a) + o(a). Determine y(j).
-8
Let k be (-1 + 3)*-1 - -4. Let z = k + 3. Let g(j) = 3 + j - 8 - 1. Give g(z).
-1
Let r be 26/39 + (-2)/4. Let p(z) be the second derivative of -z**2 - r*z**3 + 0 - 3*z. Determine p(-5).
3
Let g(u) = u**2 + 9*u + 10. Let j be g(-6). Let b(n) = -n**2 - 8*n - 5. Give b(j).
-5
Let s(y) = 1. Let x(k) = -k**2 + 4*k + 8. Let h(a) = -6*s(a) + x(a). What is h(5)?
-3
Let n(u) = -u**2 - 12*u + 18. Let v be n(-13). Let w(z) be the first derivative of z**3/3 - 7*z**2/2 + z - 1. Determine w(v).
-9
Let p(x) be the second derivative of 1/12*x**4 - 2*x**2 + 0 + 5/6*x**3 + 4*x. Give p(-6).
2
Let d = 17 + -21. Let p(j) = j**2 - 3. What is p(d)?
13
Let a(q) = q + 1 - q + q**2. Let b = 19 + -31. Let k be 21/b + (-2)/8. Give a(k).
5
Let f(s) = 5*s. Let h = -12 + 18. Suppose -3*b = 4*l + 11, 5*b + 3*l - h*l = 30. Suppose 0 = b*w + 3. Determine f(w).
-5
Let m(c) = 2 + 4*c**2 - 16*c + 14*c - 4. Determine m(-2).
18
Let x(q) be the first derivative of -2*q**3 + q - 1/2*q**2 + 5. Give x(1).
-6
Let v(d) = -2*d + 7*d - 2*d**2 + 3*d**2 - 5. Calculate v(-7).
9
Let h(b) = b**3 + 5*b**2 + 5*b - 1. Let j(k) = 2*k + 6. Let d be j(-5). Calculate h(d).
-5
Let s(h) = h**3 + 2*h**2 - 1. Suppose -1 = -4*p - 9. Determine s(p).
-1
Let a(z) = -1 - 4 + 4 + z. Suppose -8 = -5*y + 22. Let c be a(y). Let i(q) = q**2 - 3*q - 6. Determine i(c).
4
Let g = 7 + -2. Let t(c) = -g*c + 0*c**2 - c + 2*c**2 - 3*c**2 - 4. Let n(o) = -4*o + 3. Let r be n(2). Determine t(r).
1
Let b(a) = -a**3 + 5*a**2 + 0*a**3 - 10*a + 7*a. Let k = 4 + -2. Determine b(k).
6
Let u(v) = -v + v**2 - 4 - 1 + 8 + 7*v. Determine u(-6).
3
Let c(t) = -17*t**2 - 3*t. Let a(z) = 8*z**2 + z. Let y(q) = -9*a(q) - 4*c(q). Suppose 2*k - 7*k = -2*i - 16, 18 = 3*k - 4*i. Determine y(k).
-10
Let i(g) = 2*g**3 - 5*g - g**3 + 5 + 1 + 5*g**2 + g. Determine i(-6).
-6
Let n(f) = -f**3 + 2*f**2 + f + 2. Suppose 1 - 21 = -4*d + 2*p, -3*d - 7 = 4*p. Calculate n(d).
-4
Let x(m) = -12*m + 3. Let h(s) = -2*s - 1. Let j(w) = -4*h(w) + x(w). What is j(5)?
-13
Let s(a) = a**3 + 6*a**2 + 3*a - 7. Suppose 2*m + 4 = 0, -3*m + 3 = -j - 2*m. What is s(j)?
3
Let x(n) = -7*n - 1. Let c(y) = 6*y + 1. Let v(h) = 4*c(h) + 3*x(h). Determine v(-4).
-11
Let z(v) = -2*v**2 + v - 1. Let b(g) = -g - 2. Let h be b(6). Let r = -14 - h. Let s be (-4)/6 + (-10)/r. Calculate z(s).
-2
Suppose 5 = -2*s - 5. Let q(v) = 5*v**2 - 4*v + 9. Suppose -3*b - 2*b = 15. Let j(f) = 2*f**2 - f + 3. Let u(m) = b*q(m) + 8*j(m). Calculate u(s).
2
Let o(j) be the first derivative of j**4/4 - j**3 + j**2/2 + 4*j + 26. What is o(3)?
7
Let q(r) = r**3 - 5*r**2 - r - 1. Let b = -10 + 13. Let x = b + 2. Calculate q(x).
-6
Let m(i) = -2*i**2 - 1. Let v(l) = l + 6. Let u be v(-5). Let z = -2 + u. Calculate m(z).
-3
Let s(x) = 2*x + 5. Let c(b) = 8 + 2*b - 2 + 0*b + b. Let l(k) = -3*c(k) + 4*s(k). Give l(0).
2
Let l(v) = 2*v**2 - 3. Let g be l(-3). Suppose k - 2*k = 5*o + 20, 0 = -2*o - 5*k + g. Let z(y) = y. Determine z(o).
-5
Let j(r) = r**3 + 3*r**2 - r - 1. Let m be j(-2). Suppose 6 = m*w - 9. Let a(o) = 4*o**3 - w*o**3 - o + o**2 + 0*o**2 + 7. Calculate a(0).
7
Let m(r) be the second derivative of r**5/20 - r**4/12 - r**3/6 + r. Let g be (0 + -3)*4/3. Let s be g/(-14) - 15/(-21). What is m(s)?
-1
Let n(b) be the third derivative of -2*b**5/15 - b**3/6 + 11*b**2. Let h be (3*4/(-6))/2. Give n(h).
-9
Let u(c) = 2*c + 1. Suppose h = 5*l + 1, 0*h - 21 = 5*h + l. Give u(h).
-7
Let f(s) = -s - 4*s + 12*s**2 + 2 - 10*s**2 + 0*s. Calculate f(3).
5
Let o(t) be the first derivative of t**3/3 - 3*t**2 - 2*t + 9. Calculate o(7).
5
Let z(d) be the third derivative of d**4/12 - 7*d**3/6 + 6*d**2. Give z(8).
9
Let w = 61 - 57. Let d(s) = -s**2 + 6*s - 2. Calculate d(w).
6
Let x(u) be the second derivative of 5/12*u**4 + 1/6*u**3 + 1/20*u**5 + 0 + 0*u**2 - 2*u. Determine x(-5).
-5
Let q(l) = -l. Let o(z) = -z**3 + 5*z**2 + 5*z - 1. Let h(t) = -o(t) - 6*q(t). What is h(2)?
-9
Let d(v) be the first derivative of -v**6/120 - v**4/12 - v**3/3 - 5*v**2/2 + 7. Let y(c) be the second derivative of d(c). Calculate y(-2).
10
Let c(u) = -u**3 + 5*u**2 + 7*u + 5*u**2 - 2*u**2 + 5. Calculate c(9).
-13
Let d(c) = -2*c - 5. Suppose -6 = -2*q - 3*j, 2*q + 8 = -0*j + 4*j. Calculate d(q).
-5
Suppose 23 = 4*d + 5*s, 7*s - 2*s - 5 = 5*d. Suppose 0 = -2*i - d*i + 4. Let k(q) = 3*q + 1. Calculate k(i).
4
Suppose -2 = -5*l - 7. Let t be (l/((-1)/10))/2. Let g(v) = -t*v - 1 + 2*v - 3. Calculate g(-3).
5
Let h = 3 - 0. Let n(g) = 0*g + g**h - 5 - 6*g**2 + 2*g**3 - 2*g**3 - g. What is n(6)?
-11
Let k(x) = -7*x**3 + 0 + 0*x**3 + 8*x**3 - 2*x**2 + 3. Let c = 8 + -5. Give k(c).
12
Let p(l) = -11*l - 2. Let n(b) = 5*b + 1. Suppose u + 18 = 2*w, 2*w - w - 3*u - 9 = 0. Let q(f) = w*n(f) + 4*p(f). Calculate q(-5).
-4
Let i(k) = -2*k**2 - 2*k + 3. Suppose 5*u - 2*v = -11, 0 = -3*u + 4*v - 4 + 3. What is i(u)?
-9
Let w(c) = c**2 - 9*c + 5. Let y be 11 + -1 + 1 + -2. Let s be w(y). Let d(f) = 5 + f + 5 - s. Calculate d(-5).
0
Let w(u) be the first derivative of u**4/4 + 5*u**3/3 - u**2 - 3*u - 14. Give w(-4).
21
Let p(s) = -16*s - 16*s + s**2 + 4 + 27*s. Give p(3).
-2
Let s(h) be the second der